856 a multiple of 433?
True
Does 3 divide 7005?
True
Is 358258 a multiple of 313?
False
Does 398 divide 4431041?
False
Is 78 a factor of 389429?
False
Is 567120 a multiple of 48?
True
Does 100 divide 1964490?
False
Is 4174168 a multiple of 313?
True
Does 677 divide 294855?
False
Is 33 a factor of 186132?
False
Does 15 divide 26338?
False
Is 3 a factor of 93950?
False
Is 17 a factor of 9886401?
True
Does 165 divide 464959?
False
Is 393 a factor of 967959?
True
Does 54 divide 608458?
False
Does 25 divide 1137724?
False
Is 4 a factor of 233256?
True
Does 30 divide 711120?
True
Is 5 a factor of 129010?
True
Is 261836 a multiple of 6?
False
Is 152043 a multiple of 177?
True
Is 228876 a multiple of 12?
True
Does 6 divide 5776661?
False
Is 60 a factor of 2521?
False
Is 6 a factor of 55269?
False
Is 5 a factor of 18620?
True
Is 396552 a multiple of 26?
True
Does 130 divide 3229460?
True
Is 2503089 a multiple of 13?
False
Is 600 a factor of 5319600?
True
Does 198 divide 407164?
False
Does 598 divide 8801962?
True
Does 12 divide 1073311?
False
Is 84456 a multiple of 108?
True
Is 146410 a multiple of 121?
True
Does 1869 divide 15708945?
True
Is 92439 a multiple of 3?
True
Is 59496 a multiple of 13?
False
Does 22 divide 10713252?
True
Does 9 divide 343652?
False
Does 8 divide 2870792?
True
Does 401 divide 332859?
False
Does 2 divide 67985?
False
Is 55986 a multiple of 295?
False
Does 10 divide 108670?
True
Is 5 a factor of 2511750?
True
Is 182 a factor of 51142?
True
Does 57 divide 2208294?
True
Is 5 a factor of 12005?
True
Does 13 divide 754465?
False
Is 6458446 a multiple of 35?
False
Does 12 divide 405088?
False
Is 34 a factor of 30260?
True
Is 247257 a multiple of 112?
False
Is 133004 a multiple of 164?
True
Does 110 divide 54534?
False
Is 259 a factor of 9533297?
False
Is 30 a factor of 348729?
False
Does 79 divide 13784236?
True
Is 2723139 a multiple of 288?
False
Does 367 divide 90872?
False
Is 393 a multiple of 3?
True
Is 7911 a multiple of 156?
False
Does 39 divide 3385941?
True
Is 15301290 a multiple of 30?
True
Is 6 a factor of 230312?
False
Is 118 a factor of 122715?
False
Does 13 divide 351269?
False
Does 19 divide 1955651?
True
Is 19 a factor of 25042?
True
Does 2 divide 305089?
False
Is 11957432 a multiple of 592?
False
Is 3532320 a multiple of 32?
True
Is 117388 a multiple of 186?
False
Is 3316634 a multiple of 136?
False
Is 98 a factor of 1163946?
True
Is 4200054 a multiple of 616?
False
Is 233681 a multiple of 49?
True
Does 169 divide 1092923?
True
Is 599 a factor of 874540?
True
Is 154265 a multiple of 151?
False
Is 2366727 a multiple of 33?
True
Does 27 divide 8437989?
False
Does 7 divide 89144?
False
Is 240198 a multiple of 2?
True
Does 78 divide 56628?
True
Is 23603 a multiple of 65?
False
Does 288 divide 47232?
True
Is 87648 a multiple of 249?
True
Does 8 divide 562184?
True
Does 369 divide 7602448?
False
Is 453750 a multiple of 15?
True
Is 156162 a multiple of 2?
True
Is 597240 a multiple of 216?
True
Does 49 divide 7889?
True
Does 2 divide 23214?
True
Does 100 divide 206108?
False
Is 106 a factor of 4011146?
True
Does 1393 divide 1514191?
True
Is 116 a factor of 1491317?
False
Is 34753 a multiple of 8?
False
Does 126 divide 67346?
False
Is 53 a factor of 64553?
False
Is 479 a factor of 195911?
True
Is 488631 a multiple of 221?
True
Does 213 divide 228336?
True
Is 189 a factor of 302589?
True
Is 82213 a multiple of 19?
True
Is 330175 a multiple of 136?
False
Is 242627 a multiple of 635?
False
Is 3204408 a multiple of 24?
True
Does 26 divide 192140?
True
Is 326604 a multiple of 33?
False
Is 1735864 a multiple of 52?
True
Does 123 divide 51660?
True
Is 141 a factor of 796086?
True
Does 470 divide 10316074?
False
Does 22 divide 406856?
False
Is 3005816 a multiple of 40?
False
Is 61 a factor of 652395?
True
Is 80579 a multiple of 6?
False
Does 9 divide 2101413?
False
Is 315565 a multiple of 53?
False
Is 20 a factor of 1013985?
False
Is 7159629 a multiple of 43?
True
Is 21 a factor of 389749?
False
Is 45 a factor of 366570?
True
Is 34 a factor of 49774?
False
Is 3331202 a multiple of 6?
False
Does 448 divide 322069?
False
Is 5 a factor of 805177?
False
Is 33 a factor of 203643?
True
Does 6 divide 2324646?
True
Does 56 divide 232008?
True
Is 9300001 a multiple of 33?
False
Is 4007 a multiple of 384?
False
Is 677466 a multiple of 479?
False
Is 5133040 a multiple of 10?
True
Does 181 divide 947967?
False
Is 294543 a multiple of 257?
False
Does 145 divide 1640240?
True
Is 351 a factor of 378378?
True
Is 139 a factor of 794246?
True
Does 245 divide 87710?
True
Does 534 divide 5424427?
False
Is 13 a factor of 1322022?
True
Does 24 divide 68880?
True
Is 1775729 a multiple of 3?
False
Is 37940 a multiple of 13?
False
Is 1228711 a multiple of 154?
False
Is 447566 a multiple of 24?
False
Is 284856 a multiple of 104?
True
Is 147323 a multiple of 11?
True
Does 560 divide 76160?
True
Is 1530555 a multiple of 195?
True
Is 15 a factor of 156135?
True
Does 175 divide 1906024?
False
Is 438947 even?
False
Is 6517077 a multiple of 22?
False
Is 77482 a multiple of 74?
False
Is 740 a factor of 640840?
True
Is 1345844 a multiple of 316?
True
Is 58 a factor of 3877416?
True
Does 13 divide 295321?
True
Does 346 divide 2195370?
True
Is 23017 a multiple of 2?
False
Does 46 divide 6194636?
True
Is 16771557 a multiple of 107?
False
Is 1022 a factor of 8754705?
False
Does 7 divide 1599604?
False
Does 8 divide 46400?
True
Does 1570 divide 4742970?
True
Does 111 divide 4422573?
True
Is 382 a factor of 125678?
True
Is 4 a factor of 24615?
False
Is 7 a factor of 88991?
True
Is 50 a factor of 21303491?
False
Is 25 a factor of 820409?
False
Does 52 divide 3690960?
True
Does 10 divide 406740?
True
Does 671 divide 96624?
True
Does 46 divide 779061?
False
Is 8475686 a multiple of 869?
False
Is 901852 a multiple of 62?
True
Is 277 a factor of 5088330?
False
Is 1896838 a multiple of 932?
False
Does 11 divide 349877?
True
Is 5833116 a multiple of 6?
True
Is 495098 a multiple of 44?
False
Is 13 a factor of 3891810?
True
Is 195437 a multiple of 109?
True
Does 367 divide 389547?
False
Does 32 divide 197585?
False
Is 397464 a multiple of 12?
True
Is 13 a factor of 3105696?
False
Is 238 a factor of 57454?
False
Is 98610 a multiple of 114?
True
Does 28 divide 1589168?
True
Does 320 divide 5449119?
False
Is 2280933 a multiple of 207?
True
Is 15486982 a multiple of 132?
False
Does 107 divide 674528?
True
Is 169588 a multiple of 13?
False
Does 15 divide 276751?
False
Is 9639 a multiple of 432?
False
Does 2 divide 20864?
True
Does 15 divide 203085?
True
Is 384846 a multiple of 11?
True
Is 233 a factor of 776589?
True
Is 241459 a multiple of 83?
False
Does 38 divide 24613322?
True
Is 158 a factor of 27952?
False
Is 10360 a multiple of 7?
True
Is 2336395 a multiple of 65?
False
Does 219 divide 81502?
False
Is 37 a factor of 263119?
False
Is 79 a factor of 294106?
False
Is 2126976 a multiple of 354?
False
Is 14545258 a multiple of 493?
False
Does 136 divide 466892?
False
Is 159617 a multiple of 17?
False
Does 12 divide 409346?
False
Is 71 a factor of 253854?
False
Is 341996 a multiple of 25?
False
Is 12 a factor of 2792292?
True
Does 11 divide 786436?
False
Is 15661586 a multiple of 19?
True
Is 26 a factor of 1438242?
True
Does 18 divide 43397?
False
Is 1842 a factor of 35569959?
False
Does 163 divide 272277?
False
Is 29 a factor of 2726377?
True
Is 12 a factor of 3314?
False
Is 3453760 a multiple of 344?
True
Is 1293688 a multiple of 15?
False
Does 28 divide 24866156?
True
Is 4767354 a multiple of 498?
True
Does 102 divide 477945?
False
Does 459 divide 872559?
True
Does 243 divide 16669?
False
Does 32 divide 86496?
True
Is 1366336 a multiple of 18?
False
Is 487 a factor of 518306?
False
Is 24 a factor of 2448?
True
Is 15304 a multiple of 65?
False
Is 1109 a factor of 5029696?
False
Is 1874606 a multiple of 102?
False
Does 221 divide 183430?
True
Is 101 a factor of 946838?
False
Does 73 divide 14092697?
False
Is 11 a factor of 196083?
False
Does 87 divide 130152?
True
Is 30952 a multiple of 4?
True
Is 5286 a multiple of 6?
True
Is 447 a factor of 738444?
True
Is 241926 a multiple of 7?
False
Is 8640060 a multiple of 53?
True
Does 14 divide 4420878?
True
Is 3554953 even?
False
Is 52477